nder when 2617 is divided by 73.
62
Calculate the remainder when 84279 is divided by 28080.
39
What is the remainder when 2068 is divided by 1629?
439
What is the remainder when 4958 is divided by 934?
288
What is the remainder when 18105 is divided by 7843?
2419
Calculate the remainder when 47027 is divided by 134.
127
Calculate the remainder when 1580 is divided by 747.
86
Calculate the remainder when 206651 is divided by 29513.
60
What is the remainder when 1069 is divided by 187?
134
What is the remainder when 48900 is divided by 1397?
5
Calculate the remainder when 10480 is divided by 3469.
73
What is the remainder when 6870 is divided by 24?
6
What is the remainder when 14208 is divided by 69?
63
What is the remainder when 687695 is divided by 8?
7
Calculate the remainder when 2515 is divided by 29.
21
What is the remainder when 8122 is divided by 579?
16
Calculate the remainder when 1770 is divided by 846.
78
Calculate the remainder when 2652338 is divided by 1076.
1074
Calculate the remainder when 45792 is divided by 919.
761
What is the remainder when 161429 is divided by 53803?
20
What is the remainder when 5711 is divided by 413?
342
Calculate the remainder when 5030 is divided by 252.
242
Calculate the remainder when 2878 is divided by 637.
330
What is the remainder when 1165000 is divided by 68529?
7
What is the remainder when 3260 is divided by 186?
98
What is the remainder when 950 is divided by 874?
76
What is the remainder when 2513168 is divided by 73?
70
Calculate the remainder when 24070 is divided by 7908.
346
Calculate the remainder when 344 is divided by 145.
54
Calculate the remainder when 6469 is divided by 2156.
1
Calculate the remainder when 14114 is divided by 6.
2
What is the remainder when 158359 is divided by 52786?
1
What is the remainder when 4801 is divided by 1492?
325
Calculate the remainder when 8155 is divided by 8119.
36
Calculate the remainder when 474355 is divided by 9122.
11
Calculate the remainder when 9005 is divided by 49.
38
Calculate the remainder when 74197 is divided by 74103.
94
Calculate the remainder when 971635 is divided by 1796.
1795
What is the remainder when 1618 is divided by 256?
82
What is the remainder when 76028 is divided by 25341?
5
Calculate the remainder when 58338 is divided by 20.
18
Calculate the remainder when 5151 is divided by 339.
66
What is the remainder when 259290 is divided by 850?
40
What is the remainder when 563 is divided by 113?
111
Calculate the remainder when 13250 is divided by 779.
7
Calculate the remainder when 110020 is divided by 22.
20
What is the remainder when 269486 is divided by 959?
7
What is the remainder when 1629 is divided by 414?
387
What is the remainder when 654492 is divided by 54?
12
Calculate the remainder when 1450 is divided by 486.
478
Calculate the remainder when 23849 is divided by 106.
105
What is the remainder when 4807 is divided by 196?
103
What is the remainder when 4074 is divided by 998?
82
Calculate the remainder when 3824 is divided by 162.
98
Calculate the remainder when 1135259 is divided by 917.
13
What is the remainder when 43561 is divided by 134?
11
What is the remainder when 118191 is divided by 16?
15
What is the remainder when 272186 is divided by 211?
207
Calculate the remainder when 1271 is divided by 75.
71
What is the remainder when 1948 is divided by 26?
24
What is the remainder when 21891 is divided by 21878?
13
Calculate the remainder when 104628 is divided by 872.
860
Calculate the remainder when 27950 is divided by 9291.
77
What is the remainder when 223834 is divided by 223815?
19
What is the remainder when 33004 is divided by 250?
4
What is the remainder when 2222 is divided by 112?
94
What is the remainder when 12658 is divided by 269?
15
What is the remainder when 16704 is divided by 97?
20
Calculate the remainder when 1798255 is divided by 167.
166
What is the remainder when 108174 is divided by 16?
14
What is the remainder when 82379 is divided by 172?
163
Calculate the remainder when 263862 is divided by 248.
238
What is the remainder when 7661 is divided by 3812?
37
What is the remainder when 1481 is divided by 50?
31
Calculate the remainder when 6551 is divided by 179.
107
Calculate the remainder when 2224 is divided by 17.
14
Calculate the remainder when 7313 is divided by 7100.
213
Calculate the remainder when 11571 is divided by 154.
21
What is the remainder when 547944 is divided by 325?
319
What is the remainder when 104049 is divided by 51?
9
Calculate the remainder when 756 is divided by 15.
6
Calculate the remainder when 2358 is divided by 178.
44
What is the remainder when 301991 is divided by 19?
5
Calculate the remainder when 3284 is divided by 17.
3
What is the remainder when 237648 is divided by 54?
48
Calculate the remainder when 573 is divided by 85.
63
Calculate the remainder when 374073 is divided by 74810.
23
What is the remainder when 231286 is divided by 101?
97
Calculate the remainder when 46135 is divided by 1103.
912
What is the remainder when 375 is divided by 5?
0
Calculate the remainder when 450336 is divided by 46.
42
Calculate the remainder when 1751 is divided by 1559.
192
Calculate the remainder when 12183 is divided by 3984.
231
Calculate the remainder when 85964 is divided by 521.
520
What is the remainder when 28331 is divided by 330?
281
What is the remainder when 38661 is divided by 51?
3
Calculate the remainder when 32298 is divided by 10753.
39
Calculate the remainder when 3436 is divided by 1143.
7
Calculate the remainder when 3599 is divided by 240.
239
What is the remainder when 35620 is divided by 8899?
24
What is the remainder when 3026 is divided by 22?
12
What is the remainder when 478287 is divided by 30?
27
Calculate the remainder when 4366 is divided by 753.
601
Calculate the remainder when 708 is divided by 405.
303
What is the remainder when 13607 is divided by 3378?
95
What is the remainder when 87857 is divided by 44?
33
Calculate the remainder when 122611 is divided by 2078.
9
What is the remainder when 4606 is divided by 36?
34
Calculate the remainder when 98167 is divided by 129.
127
What is the remainder when 13894 is divided by 36?
34
Calculate the remainder when 7470 is divided by 931.
22
What is the remainder when 1293 is divided by 662?
631
What is the remainder when 7188 is divided by 3580?
28
Calculate the remainder when 4116 is divided by 1264.
324
What is the remainder when 54418 is divided by 18132?
22
Calculate the remainder when 42836 is divided by 2956.
1452
What is the remainder when 1821 is divided by 313?
256
What is the remainder when 29982 is divided by 5?
2
What is the remainder when 3928 is divided by 941?
164
Calculate the remainder when 569 is divided by 171.
56
Calculate the remainder when 39841 is divided by 201.
43
Calculate the remainder when 17424 is divided by 17399.
25
What is the remainder when 89833 is divided by 37?
34
Calculate the remainder when 236942 is divided by 473.
442
What is the remainder when 43802 is divided by 71?
66
Calculate the remainder when 9710 is divided by 2158.
1078
Calculate the remainder when 57717 is divided by 191.
35
Calculate the remainder when 3933 is divided by 180.
153
What is the remainder when 4686 is divided by 392?
374
Calculate the remainder when 189157 is divided by 837.
832
Calculate the remainder when 31411 is divided by 32.
19
What is the remainder when 60523 is divided by 36?
7
Calculate the remainder when 604941 is divided by 201643.
12
What is the remainder when 16171 is divided by 12?
7
What is the remainder when 4487 is divided by 195?
2
Calculate the remainder when 65673 is divided by 453.
441
What is the remainder when 94800 is divided by 346?
342
What is the remainder when 8171 is divided by 64?
43
What is the remainder when 263 is divided by 28?
11
What is the remainder when 124214 is divided by 134?
130
Calculate the remainder when 9997 is divided by 44.
9
Calculate the remainder when 12276 is divided by 12235.
41
What is the remainder when 3762 is divided by 41?
31
What is the remainder when 9579 is divided by 171?
3
What is the remainder when 913 is divided by 723?
190
What is the remainder when 25269 is divided by 104?
101
Calculate the remainder when 6273 i